vided by 28.
26
What is the remainder when 1403074 is divided by 244?
74
What is the remainder when 2940480 is divided by 87?
54
What is the remainder when 40487126 is divided by 207?
203
What is the remainder when 2510406 is divided by 19?
12
Calculate the remainder when 232972 is divided by 3256.
1796
Calculate the remainder when 83934770 is divided by 2277.
2273
Calculate the remainder when 523374 is divided by 111.
9
Calculate the remainder when 58980264 is divided by 65.
44
What is the remainder when 1088801 is divided by 3421?
923
What is the remainder when 4722581 is divided by 5024?
21
Calculate the remainder when 421632607 is divided by 305.
302
What is the remainder when 3098920 is divided by 138?
130
What is the remainder when 2427297 is divided by 2647?
2645
What is the remainder when 825056 is divided by 94?
18
Calculate the remainder when 2014384 is divided by 495.
229
What is the remainder when 24939282 is divided by 111336?
18
What is the remainder when 76331609 is divided by 48?
41
Calculate the remainder when 165011 is divided by 11779.
105
What is the remainder when 15185915 is divided by 16138?
57
Calculate the remainder when 583972 is divided by 1390.
172
What is the remainder when 48282298 is divided by 1980?
1978
What is the remainder when 40951 is divided by 4302?
2233
Calculate the remainder when 68148 is divided by 7459.
1017
What is the remainder when 1246895 is divided by 8968?
343
Calculate the remainder when 67122416 is divided by 22.
20
Calculate the remainder when 345350 is divided by 17267.
10
Calculate the remainder when 1609325 is divided by 1609235.
90
Calculate the remainder when 736691 is divided by 2698.
137
What is the remainder when 2612814 is divided by 1990?
1934
What is the remainder when 1312268 is divided by 12863?
242
What is the remainder when 6859121 is divided by 979874?
3
What is the remainder when 42974734 is divided by 23928?
46
Calculate the remainder when 681149 is divided by 340445.
259
What is the remainder when 174057356 is divided by 571?
568
What is the remainder when 175019 is divided by 24639?
2546
Calculate the remainder when 3670764 is divided by 222.
216
Calculate the remainder when 6677934 is divided by 741991.
15
Calculate the remainder when 476320 is divided by 8920.
3560
Calculate the remainder when 89212 is divided by 14347.
3130
Calculate the remainder when 25637517 is divided by 16.
13
What is the remainder when 375145 is divided by 926?
115
What is the remainder when 746794 is divided by 2778?
2290
Calculate the remainder when 1018665 is divided by 20786.
151
What is the remainder when 6635632 is divided by 36?
4
What is the remainder when 76929 is divided by 76742?
187
What is the remainder when 299909 is divided by 74759?
873
Calculate the remainder when 109290021 is divided by 638.
621
What is the remainder when 8700705 is divided by 1251?
0
Calculate the remainder when 682941 is divided by 85280.
701
Calculate the remainder when 667033535 is divided by 3557.
3553
Calculate the remainder when 20792377 is divided by 37.
5
Calculate the remainder when 515784 is divided by 1145.
534
Calculate the remainder when 811445 is divided by 649.
195
What is the remainder when 25169987 is divided by 26?
11
What is the remainder when 23617858 is divided by 371?
369
What is the remainder when 182056704 is divided by 621?
618
What is the remainder when 19028027 is divided by 903?
11
What is the remainder when 711164 is divided by 948?
164
Calculate the remainder when 32970 is divided by 9842.
3444
What is the remainder when 65971 is divided by 32755?
461
Calculate the remainder when 2863244 is divided by 201.
200
What is the remainder when 7178793 is divided by 717873?
63
What is the remainder when 57879 is divided by 14291?
715
What is the remainder when 225939 is divided by 590?
559
Calculate the remainder when 4265212 is divided by 361.
358
Calculate the remainder when 2337497 is divided by 17182.
745
Calculate the remainder when 184570 is divided by 266.
232
Calculate the remainder when 1076335 is divided by 37.
5
Calculate the remainder when 3909966 is divided by 81.
15
Calculate the remainder when 8274113 is divided by 164.
149
What is the remainder when 6932 is divided by 990?
2
Calculate the remainder when 2256501 is divided by 49.
2
Calculate the remainder when 4451162 is divided by 1483673.
143
Calculate the remainder when 1754097 is divided by 1027.
1008
Calculate the remainder when 1424261 is divided by 33.
14
Calculate the remainder when 16421262 is divided by 45.
42
What is the remainder when 229315 is divided by 1518?
97
Calculate the remainder when 889148 is divided by 271.
268
Calculate the remainder when 341488 is divided by 67.
56
What is the remainder when 363030 is divided by 15674?
2528
Calculate the remainder when 222357 is divided by 380.
57
Calculate the remainder when 949332 is divided by 41272.
76
Calculate the remainder when 1309276 is divided by 140.
136
Calculate the remainder when 149948 is divided by 1445.
1113
Calculate the remainder when 3165252 is divided by 6911.
14
Calculate the remainder when 78778 is divided by 253.
95
What is the remainder when 149615 is divided by 2722?
2627
What is the remainder when 9171075 is divided by 904?
899
What is the remainder when 227123 is divided by 11125?
4623
What is the remainder when 342105114 is divided by 605?
604
What is the remainder when 91826 is divided by 22952?
18
What is the remainder when 1501261 is divided by 202?
199
What is the remainder when 47162287 is divided by 3518?
3497
What is the remainder when 514314 is divided by 2?
0
What is the remainder when 4556581 is divided by 4489?
246
What is the remainder when 1327073 is divided by 102?
53
Calculate the remainder when 78954441 is divided by 3708.
3705
Calculate the remainder when 6213020 is divided by 6425.
45
Calculate the remainder when 692323192 is divided by 19.
14
What is the remainder when 243559 is divided by 60881?
35
Calculate the remainder when 256067 is divided by 6236.
391
What is the remainder when 204570 is divided by 893?
73
What is the remainder when 121655 is divided by 120888?
767
What is the remainder when 113388 is divided by 1169?
1164
What is the remainder when 46719 is divided by 7724?
375
Calculate the remainder when 462155 is divided by 28304.
9291
What is the remainder when 119014 is divided by 92?
58
Calculate the remainder when 157727 is divided by 52542.
101
Calculate the remainder when 1786703 is divided by 507.
35
Calculate the remainder when 188571 is divided by 23517.
435
Calculate the remainder when 2936004 is divided by 3157.
3151
Calculate the remainder when 1504947 is divided by 41802.
75
Calculate the remainder when 192258 is divided by 37998.
2268
What is the remainder when 6679665 is divided by 321?
297
Calculate the remainder when 5668489 is divided by 547.
475
What is the remainder when 2443941 is divided by 349125?
66
Calculate the remainder when 4589 is divided by 287.
284
Calculate the remainder when 61429 is divided by 15280.
309
Calculate the remainder when 834837 is divided by 208355.
1417
Calculate the remainder when 34658921 is divided by 13.
11
Calculate the remainder when 3273557 is divided by 21.
14
Calculate the remainder when 1445687 is divided by 69.
68
Calculate the remainder when 4060431 is divided by 42.
39
Calculate the remainder when 17509045 is divided by 3198.
3193
Calculate the remainder when 142398 is divided by 106.
40
What is the remainder when 63823180 is divided by 21274393?
1
Calculate the remainder when 20515 is divided by 67.
13
Calculate the remainder when 73788085 is divided by 5533.
5530
What is the remainder when 112457 is divided by 1818?
1559
What is the remainder when 891701 is divided by 4620?
41
What is the remainder when 163364 is divided by 1633?
64
Calculate the remainder when 53484360 is divided by 51.
48
Calculate the remainder when 4773397 is divided by 1563.
1558
Calculate the remainder when 5474739 is divided by 222.
219
What is the remainder when 4733034 is divided by 65?
59
Calculate the remainder when 33963 is divided by 130.
33
What is the remainder when 4794062 is divided by 36?
14
What is the remainder when 283101 is divided by 141527?
47
Calculate